the highest common divisor of 446520 and 120.
120
Calculate the highest common divisor of 1876264 and 104.
104
What is the highest common factor of 1568220 and 40?
20
What is the highest common divisor of 166696 and 1608?
536
What is the greatest common divisor of 2530130 and 50?
10
Calculate the greatest common factor of 13 and 28117739.
13
What is the greatest common factor of 768 and 183?
3
Calculate the greatest common factor of 1386 and 14112.
126
Calculate the greatest common divisor of 340 and 2260.
20
Calculate the highest common factor of 715480 and 248.
248
Calculate the greatest common factor of 3471461 and 7.
7
What is the highest common factor of 5766 and 30?
6
What is the highest common divisor of 407 and 7178?
37
What is the greatest common divisor of 23596 and 1167308?
1388
Calculate the greatest common factor of 64128 and 336.
48
Calculate the greatest common factor of 105396 and 12.
12
Calculate the highest common factor of 2176 and 9088.
128
Calculate the highest common factor of 3059 and 22667.
19
Calculate the highest common factor of 594 and 31636.
22
What is the highest common divisor of 154 and 72457?
77
What is the greatest common factor of 3443958 and 12?
6
What is the highest common divisor of 363516 and 2?
2
Calculate the greatest common factor of 43975 and 100.
25
Calculate the highest common factor of 9198 and 6300.
126
What is the highest common divisor of 2222138 and 34?
34
What is the greatest common divisor of 2091055 and 37?
37
What is the greatest common factor of 60220 and 265?
5
Calculate the greatest common factor of 190 and 260.
10
What is the highest common factor of 1305 and 258975?
45
Calculate the greatest common divisor of 3636 and 24012.
36
Calculate the greatest common factor of 1638 and 993902.
182
Calculate the highest common factor of 7112 and 531368.
1016
What is the highest common divisor of 136 and 2262479?
17
Calculate the greatest common divisor of 54 and 261009.
27
Calculate the greatest common divisor of 2687 and 120.
1
Calculate the greatest common divisor of 18 and 65694.
6
What is the highest common divisor of 5954 and 702?
26
Calculate the greatest common divisor of 644 and 945.
7
Calculate the greatest common divisor of 734 and 86979.
367
What is the highest common factor of 12596 and 3572?
188
What is the highest common factor of 945 and 31725?
135
Calculate the greatest common factor of 88 and 36366.
22
Calculate the greatest common divisor of 52 and 714389.
13
What is the highest common divisor of 108647 and 385?
77
What is the highest common factor of 126 and 58086?
126
Calculate the greatest common divisor of 16324 and 28.
28
What is the highest common divisor of 6035 and 14555?
355
Calculate the greatest common factor of 150 and 1930.
10
Calculate the highest common factor of 108 and 2583306.
54
What is the highest common divisor of 1232 and 16192?
176
What is the greatest common factor of 833 and 154448?
49
Calculate the highest common divisor of 981 and 8611.
109
What is the greatest common divisor of 33532 and 707?
101
What is the greatest common divisor of 15399 and 171?
9
What is the greatest common divisor of 7 and 901?
1
What is the greatest common divisor of 1938 and 34?
34
What is the greatest common factor of 2000663 and 311?
311
Calculate the greatest common divisor of 16443 and 13041.
567
What is the greatest common factor of 3018 and 1986?
6
What is the highest common divisor of 121879 and 1228?
307
Calculate the greatest common divisor of 124 and 6070172.
124
What is the highest common divisor of 280 and 26810?
70
What is the greatest common factor of 110 and 2266?
22
Calculate the highest common factor of 2065 and 20685.
35
Calculate the greatest common divisor of 254 and 4699762.
254
What is the greatest common divisor of 3 and 100227?
3
Calculate the highest common factor of 55 and 709632.
11
What is the highest common factor of 14588 and 2912?
28
What is the greatest common divisor of 959876 and 99924?
3028
Calculate the highest common factor of 22 and 2099922.
22
What is the highest common factor of 6478120 and 55?
55
What is the greatest common divisor of 32604 and 1235?
247
Calculate the greatest common divisor of 60764 and 11.
11
Calculate the greatest common divisor of 96 and 663008.
32
What is the highest common factor of 225106 and 14?
14
Calculate the highest common divisor of 104 and 6728.
8
What is the greatest common divisor of 114 and 3838?
38
What is the highest common divisor of 1210 and 935?
55
What is the highest common factor of 1531171 and 13949?
1073
What is the highest common factor of 10192 and 22360?
104
What is the highest common divisor of 48 and 72712?
8
Calculate the highest common divisor of 125850 and 2150.
50
Calculate the highest common factor of 1155 and 690525.
165
What is the greatest common factor of 115538 and 82?
82
What is the greatest common factor of 4224 and 121728?
384
What is the greatest common divisor of 15052 and 4028?
212
Calculate the highest common factor of 368 and 83444.
92
What is the highest common factor of 468999 and 1845?
369
What is the highest common factor of 31728 and 156?
12
What is the highest common factor of 29800704 and 768?
768
What is the greatest common factor of 1921 and 1003?
17
What is the greatest common divisor of 107217 and 11?
11
What is the greatest common factor of 105 and 47410?
5
What is the highest common divisor of 7104 and 43512?
888
Calculate the greatest common divisor of 785 and 119006.
157
What is the greatest common divisor of 357960 and 8792?
1256
Calculate the highest common factor of 288 and 4282272.
288
What is the highest common factor of 3612 and 243896?
172
What is the highest common divisor of 135 and 55365?
15
What is the greatest common factor of 91 and 593502?
91
What is the greatest common factor of 110322 and 22246?
454
What is the highest common factor of 65 and 8527?
1
Calculate the greatest common factor of 136 and 140792.
8
Calculate the greatest common factor of 430 and 222095.
215
What is the greatest common factor of 404 and 64?
4
Calculate the greatest common factor of 645 and 210945.
15
Calculate the highest common divisor of 1063230 and 60.
30
What is the greatest common divisor of 20020 and 30355?
65
What is the highest common factor of 10928 and 512?
16
Calculate the greatest common factor of 2407 and 2378.
29
Calculate the greatest common factor of 20343 and 63.
3
Calculate the greatest common divisor of 244359 and 1539.
171
What is the greatest common factor of 68834 and 254?
254
Calculate the highest common divisor of 848 and 25392.
16
Calculate the highest common factor of 37211 and 1524.
127
What is the highest common divisor of 802872 and 84?
84
Calculate the highest common factor of 574530 and 30.
30
What is the greatest common divisor of 1505 and 1134985?
215
What is the highest common divisor of 2208 and 277380?
276
Calculate the highest common divisor of 25992 and 2664.
72
Calculate the greatest common factor of 321 and 75863.
107
Calculate the highest common divisor of 546 and 6342.
42
What is the greatest common divisor of 1575226 and 1096?
274
Calculate the greatest common divisor of 22 and 407.
11
Calculate the highest common factor of 3357 and 15.
3
Calculate the highest common factor of 550 and 22.
22
What is the highest common divisor of 17808 and 5124?
84
What is the greatest common divisor of 6 and 246?
6
Calculate the highest common divisor of 44 and 946594.
22
What is the greatest common divisor of 22208 and 347?
347
Calculate the highest common divisor of 6744990 and 210.
210
What is the highest common factor of 219 and 10463?
1
Calculate the greatest common factor of 150325 and 28.
7
Calculate the highest common divisor of 770 and 43505.
385
What is the highest common divisor of 187 and 65307?
11
Calculate the highest common factor of 24735 and 25608.
291
What is the highest common divisor of 168 and 1596?
84
Calculate the greatest common factor of 4896 and 1734.
102
What is the highest common factor of 53874 and 54?
18
Calculate the greatest common divisor of 522 and 573.
3
Calculate the highest common divisor of 190883 and 185.
37
Calculate the highest common divisor of 1820 and 504.
28
Calculate the greatest common divi